{"id":257,"date":"2009-09-20T13:38:01","date_gmt":"2009-09-20T11:38:01","guid":{"rendered":"http:\/\/sohappy.no\/blogg\/?page_id=257"},"modified":"2017-12-26T08:11:27","modified_gmt":"2017-12-26T07:11:27","slug":"folkogrovere-video","status":"publish","type":"page","link":"https:\/\/sohappy.no\/blogg\/folkogrovere\/folkogrovere-video\/","title":{"rendered":"Folk &#038; R\u00f8vere video"},"content":{"rendered":"<p><iframe loading=\"lazy\" title=\"Folk &amp; R\u00f8vere: Romskip\" width=\"920\" height=\"518\" src=\"https:\/\/www.youtube.com\/embed\/INS_FtcMM7k?feature=oembed\" frameborder=\"0\" allow=\"accelerometer; autoplay; clipboard-write; encrypted-media; gyroscope; picture-in-picture\" allowfullscreen><\/iframe><br \/>\n<span style=\"font-size: medium;\"><strong>ROMSKIP<\/strong><\/span><br \/>\nVideo by <a href=\"http:\/\/cargocollective.com\/ingunndybendal\">Ingunn Dybendal<\/a>.<br \/>\nMay, 2015. Artist: Folk &amp; R\u00f8vere.<\/p>\n<p><iframe loading=\"lazy\" title=\"Folk &amp; R\u00f8vere: Elektrisk\" width=\"920\" height=\"518\" src=\"https:\/\/www.youtube.com\/embed\/-pf0gOdky-Q?feature=oembed\" frameborder=\"0\" allow=\"accelerometer; autoplay; clipboard-write; encrypted-media; gyroscope; picture-in-picture\" allowfullscreen><\/iframe><br \/>\n<span style=\"font-size: medium;\"><strong>ELEKTRISK<\/strong><\/span><br \/>\nVideo by Ulph.<br \/>\nApril, 2015. Artist: Folk &amp; R\u00f8vere.<\/p>\n<p><iframe loading=\"lazy\" title=\"Folk &amp; R\u00f8vere: Dottet\u00e5\" width=\"920\" height=\"518\" src=\"https:\/\/www.youtube.com\/embed\/14clIAGZHOM?feature=oembed\" frameborder=\"0\" allow=\"accelerometer; autoplay; clipboard-write; encrypted-media; gyroscope; picture-in-picture\" allowfullscreen><\/iframe><br \/>\n<span style=\"font-size: medium;\"><strong>DOTTET\u00c5<\/strong><\/span><br \/>\nVideo by Ulph.<br \/>\nDecember, 2015. Artist: Folk &amp; R\u00f8vere.<\/p>\n<p><iframe loading=\"lazy\" title=\"Folk &amp; R\u00f8vere: Rust\" width=\"920\" height=\"518\" src=\"https:\/\/www.youtube.com\/embed\/nKDyfJA3-xk?feature=oembed\" frameborder=\"0\" allow=\"accelerometer; autoplay; clipboard-write; encrypted-media; gyroscope; picture-in-picture\" allowfullscreen><\/iframe><br \/>\n<span style=\"font-size: medium;\"><strong>RUST<\/strong><\/span><br \/>\nStudio footage by Erik Hannemann. New York 1957 footage by Knut Skarland. Cut by Ulph.<br \/>\nApril, 2011. Artist: Folk &amp; R\u00f8vere.<\/p>\n<p><iframe loading=\"lazy\" title=\"Folk &amp; R\u00f8vere: Litt N\u00e6rmere Himmelen\" width=\"920\" height=\"518\" src=\"https:\/\/www.youtube.com\/embed\/NjwNqnHhgvI?feature=oembed\" frameborder=\"0\" allow=\"accelerometer; autoplay; clipboard-write; encrypted-media; gyroscope; picture-in-picture\" allowfullscreen><\/iframe><br \/>\n<span style=\"font-size: medium;\"><strong>LITT N\u00c6RMERE HIMMELEN<\/strong><\/span><br \/>\nVideo by Erik Hannemann.<br \/>\nMarch, 2011. Artist: Folk &amp; R\u00f8vere.<\/p>\n<p><iframe loading=\"lazy\" title=\"Folk &amp; R\u00f8vere: Fremmede\" width=\"920\" height=\"518\" src=\"https:\/\/www.youtube.com\/embed\/-yR_jsimLuM?feature=oembed\" frameborder=\"0\" allow=\"accelerometer; autoplay; clipboard-write; encrypted-media; gyroscope; picture-in-picture\" allowfullscreen><\/iframe><br \/>\n<span style=\"font-size: medium;\"><strong>FREMMEDE<\/strong><\/span><br \/>\nVideo by Erik Hannemann.<br \/>\nMarch, 2011. Artist: Folk &amp; R\u00f8vere.<\/p>\n<p><iframe loading=\"lazy\" title=\"Folk &amp; R\u00f8vere: Syng Meg Sanger\" width=\"920\" height=\"518\" src=\"https:\/\/www.youtube.com\/embed\/901Kd3snJrs?feature=oembed\" frameborder=\"0\" allow=\"accelerometer; autoplay; clipboard-write; encrypted-media; gyroscope; picture-in-picture\" allowfullscreen><\/iframe><\/p>\n<p><span style=\"font-size: medium;\"><strong>SYNG MEG SANGER<\/strong><\/span><br \/>\nVideo by Ulph.<br \/>\nMarch, 2011. Artist: Folk &amp; R\u00f8vere.<\/p>\n<p><iframe loading=\"lazy\" title=\"Folk &amp; R\u00f8vere: Pepperkakemann\" width=\"920\" height=\"690\" src=\"https:\/\/www.youtube.com\/embed\/f-HMD6ltZOU?feature=oembed\" frameborder=\"0\" allow=\"accelerometer; autoplay; clipboard-write; encrypted-media; gyroscope; picture-in-picture\" allowfullscreen><\/iframe><\/p>\n<p><span style=\"font-size: medium;\"><strong>PEPPERKAKEMANN<\/strong><\/span><br \/>\nVideo by Runar Hodne.<br \/>\nApril, 1996. Artist: Folk &amp; R\u00f8vere.<\/p>\n<p><iframe loading=\"lazy\" src=\"https:\/\/www.youtube.com\/embed\/WMMMXJESV98\" width=\"800\" height=\"450\" frameborder=\"0\" allowfullscreen=\"allowfullscreen\"><\/iframe><br \/>\n<span style=\"font-size: medium;\"><strong>YESS!<\/strong><\/span><br \/>\nVideo by Erik Hannemann.<br \/>\nMai, 1999. Artist: Folk &amp; R\u00f8vere.<\/p>\n<p><iframe loading=\"lazy\" title=\"Folk &amp; R\u00f8vere + Ravi: Utad\u00e6sj\u00e6l\u00e5pplevelse\" width=\"920\" height=\"690\" src=\"https:\/\/www.youtube.com\/embed\/3htHVJpWloo?feature=oembed\" frameborder=\"0\" allow=\"accelerometer; autoplay; clipboard-write; encrypted-media; gyroscope; picture-in-picture\" allowfullscreen><\/iframe><br \/>\n<span style=\"font-size: medium;\"><strong>UTAD\u00c6SJ\u00c6L\u00c5PPLEVELSE<\/strong><\/span><br \/>\nVideo by Ulph &amp; Jan Tomas Espedal.<br \/>\nNovember, 2002. Artist: Folk &amp; R\u00f8vere feat. Ravi.<\/p>\n<p><iframe loading=\"lazy\" title=\"Folk &amp; R\u00f8vere + Arne Scheie: Supermann\" width=\"920\" height=\"690\" src=\"https:\/\/www.youtube.com\/embed\/ujlvefb2qjw?feature=oembed\" frameborder=\"0\" allow=\"accelerometer; autoplay; clipboard-write; encrypted-media; gyroscope; picture-in-picture\" allowfullscreen><\/iframe><br \/>\n<span style=\"font-size: medium;\"><strong>SUPERMANN<\/strong><\/span><br \/>\nVideo by Jarle Tangen.<br \/>\nAugust, 2005. Artist: Folk &amp; R\u00f8vere feat. Arne Scheie.<\/p>\n<p><iframe loading=\"lazy\" src=\"https:\/\/www.youtube.com\/embed\/ebD88UAITUI\" width=\"800\" height=\"450\" frameborder=\"0\" allowfullscreen=\"allowfullscreen\"><\/iframe><br \/>\n<span style=\"font-size: medium;\"><strong>HELT PERFEKT<\/strong><\/span><br \/>\nVideo by Ulph &amp; Jan Tomas Espedal.<br \/>\n2003. Artist: Folk &amp; R\u00f8vere feat. Maria Solheim.<\/p>\n","protected":false},"excerpt":{"rendered":"<p>ROMSKIP Video by Ingunn Dybendal. May, 2015. Artist: Folk &amp; R\u00f8vere. ELEKTRISK Video by Ulph. April, 2015. Artist: Folk &amp;<\/p>\n<p><span class=\"more-link\"><a href=\"https:\/\/sohappy.no\/blogg\/folkogrovere\/folkogrovere-video\/\" class=\"readmore\">Continue reading<span class=\"screen-reader-text\">Folk &#038; R\u00f8vere video<\/span><\/a><\/span><\/p>\n","protected":false},"author":1,"featured_media":0,"parent":687,"menu_order":0,"comment_status":"open","ping_status":"open","template":"","meta":{"footnotes":""},"class_list":["post-257","page","type-page","status-publish","hentry"],"_links":{"self":[{"href":"https:\/\/sohappy.no\/blogg\/wp-json\/wp\/v2\/pages\/257","targetHints":{"allow":["GET"]}}],"collection":[{"href":"https:\/\/sohappy.no\/blogg\/wp-json\/wp\/v2\/pages"}],"about":[{"href":"https:\/\/sohappy.no\/blogg\/wp-json\/wp\/v2\/types\/page"}],"author":[{"embeddable":true,"href":"https:\/\/sohappy.no\/blogg\/wp-json\/wp\/v2\/users\/1"}],"replies":[{"embeddable":true,"href":"https:\/\/sohappy.no\/blogg\/wp-json\/wp\/v2\/comments?post=257"}],"version-history":[{"count":37,"href":"https:\/\/sohappy.no\/blogg\/wp-json\/wp\/v2\/pages\/257\/revisions"}],"predecessor-version":[{"id":725,"href":"https:\/\/sohappy.no\/blogg\/wp-json\/wp\/v2\/pages\/257\/revisions\/725"}],"up":[{"embeddable":true,"href":"https:\/\/sohappy.no\/blogg\/wp-json\/wp\/v2\/pages\/687"}],"wp:attachment":[{"href":"https:\/\/sohappy.no\/blogg\/wp-json\/wp\/v2\/media?parent=257"}],"curies":[{"name":"wp","href":"https:\/\/api.w.org\/{rel}","templated":true}]}}